ime factors of g.
2, 239
Suppose -2 = -8*c + 22. Suppose 102 = c*r - 2*r. What are the prime factors of r?
2, 3, 17
Let l(y) = -316*y + 14. Let t be l(1). Let g(b) = -b**2 - 3*b + 4. Let n be g(5). What are the prime factors of t/(-8) - 9/n?
2, 19
Let s(h) = -h**3 - 35*h**2 + 97*h + 10. List the prime factors of s(-39).
2311
What are the prime factors of ((-3282318)/(-225) - -3) + (-10)/125?
14591
Let x(z) be the second derivative of z**4/3 + 8*z**3/3 + 35*z**2/2 + 12*z + 2. What are the prime factors of x(-17)?
919
Suppose f + r - 6976 = 0, 4*r = 6*f - 5*f - 6966. What are the prime factors of f?
2, 11, 317
Let d be ((-2)/5)/((-4)/(-300)*-3). Suppose d*m - 2476 - 11004 = 0. What are the prime factors of m?
2, 337
What are the prime factors of (-7)/(35/(-10065)) + 15?
2, 3, 13
Suppose 3*d - w = -5*w + 21049, -5 = -5*w. Suppose 24*o = d - 1399. What are the prime factors of o?
2, 3, 13
Let r(s) = -s + 19. Let y be r(7). Let k(l) = l**2 - 5*l - 15. List the prime factors of k(y).
3, 23
Let d be -1*37*(0 - 3). Let x(k) = k**3 - 33*k**2 + 231*k - 14. Let b be x(23). Let l = d - b. List the prime factors of l.
2, 3, 17
Suppose -4*z = -2*z + 56. Let m be 11409/(-21) - 8/z. List the prime factors of m/(-3) + (5 - 1).
5, 37
Let t(f) = -325*f**3 - 8*f**2 - 5*f + 3. What are the prime factors of t(-2)?
29, 89
Suppose 5*n + 3*k - 4861 = 0, -2*n - 874 = -5*k - 2837. Suppose 0 = 2*y + 372 - n. List the prime factors of y.
7, 43
Suppose 0 = 5*c + 20538 - 2183. Let x = -1941 - c. What are the prime factors of x?
2, 5, 173
Let d = -6059 + 7949. What are the prime factors of d?
2, 3, 5, 7
Let l(v) = -v**2 + 21*v - 117. Let x be l(9). List the prime factors of 9 + (x - (5 - 1239)).
2, 617
Let b be (1 - (-12)/(-10))/((-12)/120). Suppose 3*m - 908 = -4*f, f + b*m - 76 = 156. What are the prime factors of f?
2, 7
Let m(o) = 8*o + 20. Let d be m(-2). Suppose 2984 = d*g + 920. List the prime factors of g.
2, 3, 43
Suppose 3*v + 91716 = 6*r, 85*r - 88*r + 45860 = -2*v. What are the prime factors of r?
2, 3821
Let m be (-7)/(-14)*-12 + 671. Suppose -4*n = 5*o - 0*n - 826, 0 = -4*o + n + m. What are the prime factors of o?
2, 83
Suppose -18*l = -25*l + 14. Let h be ((-117)/(-18) - 1)/((-1)/l). Let s(i) = 2*i**3 + 24*i**2 + 16*i + 2. List the prime factors of s(h).
2, 17
Let c(i) be the second derivative of i**4/12 - 35*i**3/6 - 40*i**2 - 22*i + 4. What are the prime factors of c(49)?
2, 3, 101
Let m = -662 + 666. Suppose -2*j + 520 = n - m*j, 3*n = -3*j + 1569. What are the prime factors of n?
2, 3, 29
What are the prime factors of 10*((-81)/(-36))/(120/234592)?
2, 3, 7331
Let j = 5529 + -5150. What are the prime factors of j?
379
Suppose -70*y - 22*y + 3027168 = 46*y. What are the prime factors of y?
2, 3, 457
Let n(b) = -643*b + 645. List the prime factors of n(-16).
13, 29
Let v(i) = -i**3 + 10*i + 5*i**2 + 5*i**2 + 2*i**2 + 19 + 5*i. Let h be 3/21*21*(-2 + 6). List the prime factors of v(h).
199
Suppose 32971 = -58*l + 61*l - p, 4*l - 3*p = 43953. What are the prime factors of l?
2, 3, 229
Let a = -17777 + 27816. List the prime factors of a.
10039
Let b = 4303 - 20. What are the prime factors of b?
4283
Let d(u) = u**2 + 9*u + 10. Let k be d(-8). Suppose k*q + q + 3*r - 69 = 0, -2*q = 5*r - 55. Suppose 70 = -q*j + 22*j. What are the prime factors of j?
5, 7
Let p = -19 + 24. Suppose 6*n - p*n = 28. List the prime factors of (-119)/(-4) + (-21)/n.
29
Let i = -159 + 165. Suppose i*u = -u + 896. What are the prime factors of u?
2
Suppose -3*r + 3*l + 16491 = 0, -2*r - 419*l = -418*l - 10991. What are the prime factors of r?
2, 3, 229
Suppose 2*u = z - 18646 - 2167, 4*z - 83274 = -3*u. List the prime factors of z.
3, 257
Let v be (8/24)/((-2)/852). Let y = v + 354. What are the prime factors of y?
2, 53
List the prime factors of 10141/(-1)*21/((-77)/11).
3, 10141
Suppose 67*n - 63*n = 5*j - 300198, n - 8 = 0. What are the prime factors of j?
2, 7, 4289
Suppose 35*d - 33*d = 2*w + 18074, -4*d + 36152 = -3*w. What are the prime factors of d?
9041
Let a(s) = 4*s**2 - 2*s + 3. Let n be a(1). List the prime factors of 1263*(-18)/(-135) - 2/n.
2, 3, 7
Suppose 2*v = 3*a + 17093, -59929 + 17139 = -5*v - 4*a. List the prime factors of v.
2, 7, 13, 47
Let d = 1900 - 1185. Suppose 4*x = 2235 - d. Suppose -27*a + x = -22*a. List the prime factors of a.
2, 19
Suppose 73604 - 17276 = -458*g + 470*g. What are the prime factors of g?
2, 2347
Suppose -29*f + 174512 = 23*f. What are the prime factors of f?
2, 839
Let d be ((-3)/(-2))/(9/(-60)). Let c = d + 21. Suppose -c*q - 35 + 618 = 0. List the prime factors of q.
53
Suppose -3*a - 143268 = -2*u - 5594, 344172 = 5*u - a. What are the prime factors of u?
2, 127, 271
Suppose -386 = -8*p - 186. Suppose 3*f - 2*o = 344, p*o + 2 = 26*o. List the prime factors of f.
2, 29
Suppose 840 = 5*d - 5*l, -6*d = -3*d - l - 508. Let m = d + 100. What are the prime factors of m?
2, 3, 5
Let t = -6 + 10. Suppose -2*m - o = 4*o - 20, -3*m - t*o = -23. Suppose 68 = m*y - 62. What are the prime factors of y?
2, 13
Let i(l) = 3*l**3 - 5*l**2 - 2*l - 26. Let m be i(5). Let h = 375 + m. List the prime factors of h.
19, 31
Let v(y) = -10*y + 6 + 7*y + 16*y**2 + 3*y. Let m be v(-5). Suppose -2*a - 3*j = 3*a - m, -412 = -5*a - j. What are the prime factors of a?
83
Suppose -2*n - 57 + 55 = 0. Let f(k) = 324*k**2 + 2*k + 3. List the prime factors of f(n).
5, 13
Let r = 40803 - 24153. What are the prime factors of r?
2, 3, 5, 37
Suppose 55*v - 61*v = -14058. Let n = 3396 - v. List the prime factors of n.
3, 13
Suppose -121 = 8*s + 87. Let c = s - -14. List the prime factors of 1*(-4 - c*(-4 - -5)).
2
Let f = 574 - 569. Suppose 0 = f*g + 5*n - 6210, -4*n - 1728 - 4437 = -5*g. What are the prime factors of g?
1237
Let o = -97247 - -189795. List the prime factors of o.
2, 17, 1361
Suppose 2*b - 13*b + 374 = 0. Suppose 2*j - b = w, 5*w + 8 = j - 0*j. Suppose 140 = -j*g + 22*g. List the prime factors of g.
5, 7
Suppose -45*h - 33408 = -239598. What are the prime factors of h?
2, 29, 79
Let k = 745 - 741. What are the prime factors of -16293*5/(-60) + k/16?
2, 7, 97
Suppose 4*u - 12 = 2*t, 0 = -31*t + 27*t + 5*u - 12. What are the prime factors of 1/t*(-3448)/(-4)?
431
List the prime factors of 1*-1*26/(286/(-84777)).
3, 7, 367
Suppose 91*q = 93*q - 102. Suppose r - 48 = -q. List the prime factors of (2*33/12)/(r/(-78)).
11, 13
Let q = 470 + -429. Let y(s) = -8*s**2 - 4. Let b be y(3). Let o = q - b. What are the prime factors of o?
3, 13
Suppose -i = -2*g + 14525, 9*g - 13*g - 2*i = -29038. What are the prime factors of g?
53, 137
Let k = -14804 + 91682. List the prime factors of k.
2, 3, 4271
Let y = -24 - -54. Suppose -2*c = -2*a - 10 - 6, -3*c - 3*a = -y. Let r(h) = h**2 - 8*h + 40. List the prime factors of r(c).
7
Let o = 16834 + -5782. List the prime factors of o.
2, 3, 307
Let r = 6396 + 1674. List the prime factors of r.
2, 3, 5, 269
Suppose -22*l + 11*l + 33 = 0. Suppose -5*o + 1305 = c, 3*o - 2*c - 811 = l*c. What are the prime factors of o?
2, 131
Suppose -6561980 = -59*u - 107*u + 48*u. What are the prime factors of u?
2, 5, 67, 83
Let d(s) = 9 + 3 - 5 + 8*s + 14. Let t be 11*(6/(-36) - 14/(-12)). What are the prime factors of d(t)?
109
Suppose 4*a - 10 = 94. What are the prime factors of (729/18)/(a/(-28) + 1)?
3, 7
Let t be 66/(-15)*(-360)/21*7. Suppose 537 + t = 3*u. What are the prime factors of u?
5, 71
What are the prime factors of ((-232)/406)/(((-1)/21)/((-70916)/(-24)))?
2, 17729
What are the prime factors of 20111 - (-3)/(-18)*9*2?
2, 11, 457
Suppose 2*f - 4208 = 2*x, 0 = -4*x - 12 + 8. What are the prime factors of f?
3, 701
Suppose -5*t + 349 = -181. Let d = t + -106. Suppose -12 = -4*s, m + 2*s - 198 - 2 = d. List the prime factors of m.
2, 97
Suppose 0 = -i - 4*p + p + 13265, 2*p = 0. What are the prime factors of i?
5, 7, 379
Let p = -785 - -1062. Suppose 9820 = -p*m + 287*m. List the prime factors of m.
2, 491
Let q be 520/12*1515/10. Suppose -412 = 7*x - q. List the prime factors of x.
3, 293
Let b(x) be the second derivative of 3*x**5/10 + 5*x**4 - 5*x**3/6 - 2*x**2 + 78*x. List the prime factors of b(-9).
17, 31
Let m = -1671 + 2740. Let w = -557 + m. List the prime factors of w.
2
Suppose 46*f = 44*f + 4*o + 28, -4*f - 22 = 5*o. L